{"id":1917,"date":"2020-07-14T07:08:19","date_gmt":"2020-07-14T05:08:19","guid":{"rendered":"https:\/\/cptcl.fr\/?page_id=1917"},"modified":"2025-11-30T15:34:33","modified_gmt":"2025-11-30T14:34:33","slug":"nos-partenaires","status":"publish","type":"page","link":"https:\/\/cptcl.fr\/index.php\/nos-partenaires\/","title":{"rendered":"Nos Partenaires"},"content":{"rendered":"\n<div class=\"wp-block-group alignfull has-pale-cyan-blue-background-color has-background is-layout-flow wp-block-group-is-layout-flow\">\n<figure class=\"wp-block-image alignwide size-full is-style-default\"><img loading=\"lazy\" decoding=\"async\" width=\"1743\" height=\"371\" src=\"https:\/\/cptcl.fr\/wp-content\/uploads\/2021\/05\/partenaires-1-1.jpg\" alt=\"\" class=\"wp-image-2889\" srcset=\"https:\/\/cptcl.fr\/wp-content\/uploads\/2021\/05\/partenaires-1-1.jpg 1743w, https:\/\/cptcl.fr\/wp-content\/uploads\/2021\/05\/partenaires-1-1-300x64.jpg 300w, https:\/\/cptcl.fr\/wp-content\/uploads\/2021\/05\/partenaires-1-1-1024x218.jpg 1024w, https:\/\/cptcl.fr\/wp-content\/uploads\/2021\/05\/partenaires-1-1-768x163.jpg 768w, https:\/\/cptcl.fr\/wp-content\/uploads\/2021\/05\/partenaires-1-1-1536x327.jpg 1536w\" sizes=\"auto, (max-width: 1743px) 100vw, 1743px\" \/><\/figure>\n<\/div>\n\n\n\n<div class=\"wp-block-group alignfull has-background is-layout-constrained wp-container-core-group-is-layout-b0083447 wp-block-group-is-layout-constrained\" style=\"background:linear-gradient(135deg,rgb(136,203,242) 32%,rgba(242,38,15,0.65) 91%)\">\n<section id=\"partenaires\">\n    <div style=\"text-align: center; padding: 20px;\">\n        <h1 style=\"color: rgb(0, 56, 139); margin-bottom: 20px;\">Ensemble, cr\u00e9ons plus de valeur<\/h1>\n\n        <p style=\"max-width: 800px; margin: 0 auto 40px auto; font-size: 1.1em; line-height: 1.6;\">\n            Avec CPTCL, nous avan\u00e7ons avec des partenaires engag\u00e9s qui nous permettent de concevoir des projets innovants et de proposer des services \u00e0 forte valeur ajout\u00e9e.\n        <\/p>\n\n        <div class=\"logo-container\" style=\"display: flex; flex-wrap: wrap; justify-content: center; align-items: flex-start; gap: 30px;\">\n\n            <div class=\"partenaire-item\" style=\"flex-basis: 200px; text-align: center;\">\n                <img src=https:\/\/cptcl.fr\/wp-content\/uploads\/2025\/11\/1200px-LOGO_-_LM_-_Couleur.svg_.png alt=\"Logo Limoges M\u00e9tropole\" style=\"max-height: 120px; width: auto; display: block; margin: 0 auto 10px auto;\">\n                <p style=\"font-weight: bold; margin: 5px 0 0 0;\">Limoges M\u00e9tropole<\/p>\n            <\/div>\n\n            <div class=\"partenaire-item\" style=\"flex-basis: 200px; text-align: center;\">\n                <img src=https:\/\/cptcl.fr\/wp-content\/uploads\/2025\/11\/1200px-Ville_de_Limoges.svg_.png alt=\"Logo Ville de Limoges\" style=\"max-height: 120px; width: auto; display: block; margin: 0 auto 10px auto;\">\n                <p style=\"font-weight: bold; margin: 5px 0 0 0;\">Ville de Limoges<\/p>\n            <\/div>\n\n            <div class=\"partenaire-item\" style=\"flex-basis: 200px; text-align: center;\">\n                <img src=https:\/\/cptcl.fr\/wp-content\/uploads\/2025\/11\/STCLM-JPG.png alt=\"Logo STCLM\" style=\"max-height: 120px; width: auto; display: block; margin: 0 auto 10px auto;\">\n                <p style=\"font-weight: bold; margin: 5px 0 0 0;\">STCLM<\/p>\n            <\/div>\n\n            <div class=\"partenaire-item\" style=\"flex-basis: 200px; text-align: center;\">\n                <img src=https:\/\/cptcl.fr\/wp-content\/uploads\/2025\/11\/cse_stclm-1.png alt=https:\/\/cptcl.fr\/wp-content\/uploads\/2025\/11\/cse_stclm-1.png style=\"max-height: 120px; width: auto; display: block; margin: 0 auto 10px auto;\">\n                <p style=\"font-weight: bold; margin: 5px 0 0 0;\">CSE STCLM<\/p>\n            <\/div>\n\n        <\/div>\n    <\/div>\n<\/section>\n<\/div>\n\n\n\n<div class=\"foot-cptcl\" style=\"text-align: center;\">\n    <p style=\"margin:0;\">&copy; CPTCL &#8211; \u00ab\u00a0Un patrimoine vivant \u00e0 Limoges\u00a0\u00bb<\/p>\n<\/div>\n","protected":false},"excerpt":{"rendered":"<p>Ensemble, cr\u00e9ons plus de valeur Avec CPTCL, nous avan\u00e7ons avec des partenaires engag\u00e9s qui nous permettent de concevoir des projets [&hellip;]<\/p>\n","protected":false},"author":1,"featured_media":0,"parent":0,"menu_order":0,"comment_status":"closed","ping_status":"closed","template":"","meta":{"site-sidebar-layout":"default","site-content-layout":"","ast-site-content-layout":"default","site-content-style":"default","site-sidebar-style":"default","ast-global-header-display":"","ast-banner-title-visibility":"","ast-main-header-display":"","ast-hfb-above-header-display":"","ast-hfb-below-header-display":"","ast-hfb-mobile-header-display":"","site-post-title":"","ast-breadcrumbs-content":"","ast-featured-img":"","footer-sml-layout":"","theme-transparent-header-meta":"","adv-header-id-meta":"","stick-header-meta":"","header-above-stick-meta":"","header-main-stick-meta":"","header-below-stick-meta":"","astra-migrate-meta-layouts":"default","ast-page-background-enabled":"default","ast-page-background-meta":{"desktop":{"background-color":"var(--ast-global-color-5)","background-image":"","background-repeat":"repeat","background-position":"center center","background-size":"auto","background-attachment":"scroll","background-type":"","background-media":"","overlay-type":"","overlay-color":"","overlay-opacity":"","overlay-gradient":""},"tablet":{"background-color":"","background-image":"","background-repeat":"repeat","background-position":"center center","background-size":"auto","background-attachment":"scroll","background-type":"","background-media":"","overlay-type":"","overlay-color":"","overlay-opacity":"","overlay-gradient":""},"mobile":{"background-color":"","background-image":"","background-repeat":"repeat","background-position":"center center","background-size":"auto","background-attachment":"scroll","background-type":"","background-media":"","overlay-type":"","overlay-color":"","overlay-opacity":"","overlay-gradient":""}},"ast-content-background-meta":{"desktop":{"background-color":"var(--ast-global-color-4)","background-image":"","background-repeat":"repeat","background-position":"center center","background-size":"auto","background-attachment":"scroll","background-type":"","background-media":"","overlay-type":"","overlay-color":"","overlay-opacity":"","overlay-gradient":""},"tablet":{"background-color":"var(--ast-global-color-4)","background-image":"","background-repeat":"repeat","background-position":"center center","background-size":"auto","background-attachment":"scroll","background-type":"","background-media":"","overlay-type":"","overlay-color":"","overlay-opacity":"","overlay-gradient":""},"mobile":{"background-color":"var(--ast-global-color-4)","background-image":"","background-repeat":"repeat","background-position":"center center","background-size":"auto","background-attachment":"scroll","background-type":"","background-media":"","overlay-type":"","overlay-color":"","overlay-opacity":"","overlay-gradient":""}},"footnotes":""},"class_list":["post-1917","page","type-page","status-publish","hentry"],"_links":{"self":[{"href":"https:\/\/cptcl.fr\/index.php\/wp-json\/wp\/v2\/pages\/1917","targetHints":{"allow":["GET"]}}],"collection":[{"href":"https:\/\/cptcl.fr\/index.php\/wp-json\/wp\/v2\/pages"}],"about":[{"href":"https:\/\/cptcl.fr\/index.php\/wp-json\/wp\/v2\/types\/page"}],"author":[{"embeddable":true,"href":"https:\/\/cptcl.fr\/index.php\/wp-json\/wp\/v2\/users\/1"}],"replies":[{"embeddable":true,"href":"https:\/\/cptcl.fr\/index.php\/wp-json\/wp\/v2\/comments?post=1917"}],"version-history":[{"count":95,"href":"https:\/\/cptcl.fr\/index.php\/wp-json\/wp\/v2\/pages\/1917\/revisions"}],"predecessor-version":[{"id":7136,"href":"https:\/\/cptcl.fr\/index.php\/wp-json\/wp\/v2\/pages\/1917\/revisions\/7136"}],"wp:attachment":[{"href":"https:\/\/cptcl.fr\/index.php\/wp-json\/wp\/v2\/media?parent=1917"}],"curies":[{"name":"wp","href":"https:\/\/api.w.org\/{rel}","templated":true}]}}